-2*c - 6 = 0. List the prime factors of ((-11)/2 + n)/((-1)/(-422)).
211
What are the prime factors of 2/(12/(-15))*94700/(-250)?
947
Suppose v = 177 + 198. List the prime factors of v.
3, 5
List the prime factors of 2 + 1259/2 + 33/(-22).
2, 3, 5, 7
Let z(s) = -8*s + 12. Let p(v) = 3*v - 5. Let h(w) = 12*p(w) + 5*z(w). Let u be (-3)/4 + 4/(48/(-195)). What are the prime factors of h(u)?
2, 17
Let m = -466 - -1530. List the prime factors of m.
2, 7, 19
Suppose 0 = 5*o - 172 - 43. Let f = -8 + 13. Suppose c + p + o = 3*c, -f*p - 120 = -5*c. List the prime factors of c.
19
Let g(h) = h**3 - 9*h**3 + 2 - 7 + 4*h + 9*h**3. What are the prime factors of g(4)?
3, 5
Let j be (0/21)/(1 - -2). Let b be (-47)/(-9) + (-4)/18. Suppose j = b*x + 53 - 183. What are the prime factors of x?
2, 13
Suppose 2*u - 1684 - 2236 = 0. List the prime factors of u.
2, 5, 7
Suppose 1 = -r, 6*g - g - 4239 = 4*r. What are the prime factors of g?
7, 11
Suppose -39*b + 1439 + 1837 = 0. What are the prime factors of b?
2, 3, 7
Let j = -47 + 67. Suppose a = 5*a - j. What are the prime factors of a?
5
Suppose -147*q - 35277 = -158*q. List the prime factors of q.
3, 1069
List the prime factors of (-98 + 90)*((-345)/2 - 0).
2, 3, 5, 23
Suppose c = -5*m + 32, 2*c - 6*m + 4*m - 52 = 0. Let i(y) = 4*y - 44. List the prime factors of i(c).
2
Let s = -88 + 123. Suppose 5*d + 16 = 3*r, 0 = r - 6*d + 3*d - 8. Suppose 0*h + 3*h = -w + s, w - 23 = -r*h. List the prime factors of h.
2, 3
Let w = 1010 - -26. Suppose 0 = v + 3*v - 5*u - w, v - 3*u = 252. List the prime factors of v.
2, 3, 11
Let q(h) = h + 7. Let y be q(18). What are the prime factors of 4/(-10) - (-3335)/y?
7, 19
Suppose 545 - 125 = 15*l. Let r = l + 27. What are the prime factors of r?
5, 11
Let g(t) = -32*t + 24. Let d be g(-3). Let o = -55 + d. What are the prime factors of o?
5, 13
Let k = 2 - -6. Suppose -5*n + k = 13. Let c = 7 - n. What are the prime factors of c?
2
Let a(i) = -i**2 - 10*i - 9. Let m be (-3)/4 + 429/(-52). Let v be a(m). Suppose v*f + 5 = f. List the prime factors of f.
5
Let c = 299 - 207. Suppose -c = u - 3*u. Suppose -u = -9*y + 8*y. List the prime factors of y.
2, 23
Let i(x) be the first derivative of x**4/24 - x**3 + 3*x**2/2 - 2. Let p(w) be the second derivative of i(w). What are the prime factors of p(13)?
7
Let z = 35 - 31. List the prime factors of 25520/260 - z/26.
2, 7
Let d(h) = -420*h - 50. List the prime factors of d(-2).
2, 5, 79
Let a(p) be the first derivative of p**2/2 + 3*p - 9. Let l be a(2). Suppose -5*z + 10 = 0, -8*s + 4*s - l*z = -54. List the prime factors of s.
11
Suppose -9*k + 40 = -5. Suppose 0 = k*l - 3*l - 8, -124 = -2*v - l. What are the prime factors of v?
2, 3, 5
Let i = -1 - -13. Suppose 0 = -i*d + 10*d + 76. Suppose 2*z = z + d. What are the prime factors of z?
2, 19
Let k = 0 + 2. Suppose 5 + 15 = k*l. What are the prime factors of l?
2, 5
Suppose 0 = -3*w - 4 + 31. Suppose 26 = z - w. List the prime factors of z.
5, 7
Let w(i) = 4*i**3 + i**2 + i - 1. Let b be w(1). Let s(q) = -8*q - 4*q**3 - 11*q**2 + 2*q**2 + 4*q**2 + b*q**3 - 7. What are the prime factors of s(7)?
5, 7
Suppose -2*h = -0*h + 8. Let x be 2*(3 + h/4). Suppose 0 = 2*s + x*s - 330. List the prime factors of s.
5, 11
What are the prime factors of 3815/(-14)*24/(-15)?
2, 109
Let j(s) = 161*s - 341. List the prime factors of j(10).
3, 47
Suppose 0 = -3*r + 2*n - 16, 6*r - 3*r = -3*n + 9. What are the prime factors of 2 + r + 0 + 19?
19
Suppose 2*h + 8 = 6*h. Suppose 23 = 2*b - h*s + 3*s, 5*b = s + 68. Suppose -2*c + b = -c. List the prime factors of c.
13
Suppose -3*z - 80 = -2*s, -4*z + 128 = 3*s + 25. Let a = -53 + s. Let f = a + 28. List the prime factors of f.
2, 3
What are the prime factors of 8/2 - (-9 + 6320/(-8))?
11, 73
Let d be 32/8 - (-12 + -2). Let c = d - 14. What are the prime factors of -48*-4*c/24?
2
Let i be -4 - 5/((-30)/36). Suppose -i*u - u + 373 = 4*a, -2*a + 186 = 2*u. List the prime factors of a.
2, 47
Let i(s) = 4*s**2 + 5*s**2 - 6*s**3 + 4 + 7*s**3 - 25*s. What are the prime factors of i(-11)?
37
Suppose 5*r - 570 = -0*r. Suppose 10*v = 7*v + r. List the prime factors of v.
2, 19
Let o be (-8)/(-8)*(6 - 2). Suppose -4*g = 4*q - o, 4*q - 3*g + g = 22. List the prime factors of 6/q*(-40)/(-6).
2, 5
Suppose -4*u + 2614 + 50 = 0. List the prime factors of u.
2, 3, 37
Let h(i) be the third derivative of 5*i**4/24 - 23*i**3/6 - 3*i**2. List the prime factors of h(8).
17
Let n(p) = -3*p - 1. Let b be ((-3)/(-6))/((-2)/(-12)). Suppose 4 = -2*h + 2, b*h = s + 2. What are the prime factors of n(s)?
2, 7
Let g = -6 - -5. Let q(w) = 49*w**2 - 11*w + 6. Let k(a) = -10*a**2 + 2*a - 1. Let c(y) = -11*k(y) - 2*q(y). What are the prime factors of c(g)?
11
Suppose -o = 3*p - 3131, 3*o - 4396 = 2*p + 5041. What are the prime factors of o?
7, 449
Suppose 8*z - 180 = 3*z. Suppose 2*l - 5*o = z, -2*l + 4*o = -6*l + 128. Suppose -4*m + 60 = -l. What are the prime factors of m?
2, 11
Let a = 1232 + -303. What are the prime factors of a?
929
Let l = 29 + -14. What are the prime factors of 5/(l/(-6)) - -14?
2, 3
Let q = -241 - -400. Suppose -h = 2*y - q, -2*y = -3*y - 5*h + 102. List the prime factors of y.
7, 11
Suppose 4*i - 146414 = -34*i. List the prime factors of i.
3853
Suppose 10*f = 11*f + 486. Let w = -215 - f. List the prime factors of w.
271
Let b = -16 + 13. Let y be 185 + -1 + 4 + b. Suppose o - y = -4*o. What are the prime factors of o?
37
Let p(y) = y**2 + 5*y + 15. Let x be p(-10). Let o = x + 2. Suppose -3*f - 12 = -4*v + 79, -o = -3*v + f. What are the prime factors of v?
2, 11
Suppose -5*u - 2 = -4*u. Let r = 2 + 5. Let q = u + r. List the prime factors of q.
5
What are the prime factors of (-3)/30*-158*25/5?
79
Let m(t) = -2*t**2 - 5*t + 2. Let a be m(-4). Let c = a - -10. Suppose -18 = -o - c*o. List the prime factors of o.
2, 3
Let k(o) be the first derivative of o**4 + 2*o**3/3 - 5*o**2/2 + 3*o - 2. Let x be k(3). Suppose -5*y + 91 = -x. What are the prime factors of y?
41
Suppose 6*k = 27 + 3. Suppose 3*b - k*h = 172, 3*b + 5*h = 2*b + 64. What are the prime factors of b?
59
Suppose 3*a = 6, 4*o = 3*a + 545 + 6101. List the prime factors of o.
1663
Let a = -43 - -35. List the prime factors of (2/a)/((-14)/6104).
109
Suppose 4 = 2*o - 2. Let n(y) = y**2. Let r(j) = 2*j**2 + 1. Let w(c) = -4*n(c) + 3*r(c). List the prime factors of w(o).
3, 7
Let v be ((-1)/3)/((-5)/45). Let w(a) = a**3 - a**2 - a + 6. What are the prime factors of w(v)?
3, 7
Let c(n) = -12*n**3 - 6*n**2 - 30*n - 4. What are the prime factors of c(-5)?
2, 11, 17
Suppose -6*f + 4*t - 72 = -2*f, 58 = -4*f - 3*t. Suppose 5*q - 2*q = -21. List the prime factors of -3 - (-7)/(q/f).
13
Suppose 10 + 180 = 2*j. Let d = 6 - 63. Let b = j + d. What are the prime factors of b?
2, 19
Let b be (-152)/10 + (-2)/(-10). Let u = 21 + b. Suppose -u*q + 46 = -26. What are the prime factors of q?
2, 3
Suppose -22 = -2*j + 3*x, -6*x = -3*j - 5*x + 19. Suppose -3*p + 9*p = 210. List the prime factors of j + p - (-1 - -4).
37
Suppose -2*w = -2*x + 1140, 2*w = w - 4. What are the prime factors of x?
2, 283
Let t = 530 - 216. What are the prime factors of t?
2, 157
Let o be 36/(-28) - (-4)/14. Let d be 10*-1*o/2. Suppose -d*q + 50 = -3*q. What are the prime factors of q?
5
Let v be (-12)/(-18) + (-527)/3. Let z = 106 + v. Let i = -47 - z. What are the prime factors of i?
2, 11
Suppose -7*h + 3832 = h. What are the prime factors of h?
479
Suppose v = 4, -2*v + 4 = -4*q + 2*v. Let k(w) = -w**3 + 2*w**2 + 5*w - 2. Let g be k(q). Suppose x = g*p - 8, 5*p - 7 = 4*x + 3. List the prime factors of p.
2
Let n be (-68)/(3/6 + -1). What are the prime factors of (-90)/12*n/(-10)?
2, 3, 17
Let s = 889 - 517. List the prime factors of s.
2, 3, 31
Let b(m) = 3*m**2 + 29*m + 9. What are the prime factors of b(9)?
3, 19
Let x(h) = -6*h - 79. Suppose -7*j + 11*j = -104. List the prime factors of x(j).
7, 11
Let t(u) = 2*u + 3*u - 25 + 4*u + 2*u**2 - 5*u. What are the prime factors of t(-9)?
101
Suppose 3*s - 4365 = 3*y, 2886 = -2*s + 4*s + 4*y. What are the prime factors of s?
1451
Let k(p) = p**2 + 1. Let l(h) = -4*h**2 + 12*h + 5. Let c(n) = 3*k(n) + l(n). Suppose -27 = -w - 2*w. List the prime factors of c(w).
5, 7
Let m = -67 + 71. Let j(y) = 